p*m. Suppose 138 + 13 = m*b + i, 4*i + 98 = 2*b. What is the tens digit of b?
3
Suppose 5*c - 2 - 8 = 0. Let x be 67/c - ((-12)/(-8) + -2). Let s = 74 - x. What is the tens digit of s?
4
Suppose -f + 98 = -q - 192, -2*f = -4*q - 576. Let l = -188 + f. What is the hundreds digit of l?
1
Let k be 20736/6 + (-3 - 6). Suppose 293 = 4*h - k. What is the tens digit of h?
3
Let r be (4/(-11))/2 - 2580660/(-1298). Suppose 23*b - 27*b + r = 0. What is the units digit of b?
7
Suppose -5*j + v = -24395, 0 = 123*j - 122*j + 2*v - 4890. What is the units digit of j?
0
What is the units digit of ((2 + 1)*(-12)/(-18))/(100/634350)?
7
Let n(p) = 3*p**2 - 354*p - 252. What is the units digit of n(124)?
0
Let p(g) = g - 1. Let z(c) = 6*c. Let b(u) = -p(u) + z(u). Let r be b(1). Suppose -r + 60 = 3*m. What is the units digit of m?
8
Let s = -5064 - -5510. What is the units digit of s?
6
Suppose -3*b + 8*b = 9360. What is the thousands digit of b?
1
Let r = -39077 + 57969. What is the hundreds digit of r?
8
Let r(b) = -46 + 99*b + 481 - 150 - 92*b + 597. What is the units digit of r(0)?
2
Let f(i) = i + 6. Let k be f(-4). Suppose -3*b + 7*b - 4*n = -72, k*b + 28 = -2*n. What is the units digit of (-870)/b - (-3)/(-8)?
4
Let n = -102 + 104. Let r(i) = 6*i**2 - 29*i + 60. What is the tens digit of r(n)?
2
Let y = 1987 + -620. What is the thousands digit of y?
1
Suppose -162 = -3*k + k. Suppose -t - 79 + k = 0. Suppose -1856 = -t*j - 6*j. What is the tens digit of j?
3
Let p(v) be the second derivative of 5*v**3 - 24*v**2 + v. What is the units digit of p(13)?
2
Let r = 47993 + -19480. What is the tens digit of r?
1
Let s(r) = -8562*r + 1401. What is the hundreds digit of s(-7)?
3
Let f = -97 + 97. Suppose 5*q - 200 - 765 = f. What is the tens digit of q - (-5)/15*3?
9
Let v(y) = -y**3 - 7*y**2 - 10*y - 23. Let h be v(-6). What is the tens digit of 5058/27 + h/(-3)?
8
Suppose 2*l + 5*a - 4378 = 0, a + 4 = -0*a. Suppose 426*y - l = 423*y. What is the units digit of y?
3
Let d be (6 - 1)*(-13 + 14). Suppose 3*v - 3*i - 189 = 0, -3*v - d*i = -v - 161. What is the units digit of v/8 + 3/(-2)?
7
Let x(b) = -131*b + 275. What is the units digit of x(-21)?
6
Suppose -67 + 151 = -7*y. Let z(l) = -l**3 - 12*l**2 - 6*l + 19. What is the units digit of z(y)?
1
Let h be (1 + 1139/(-4))/(211/844). Let y = -259 - h. What is the units digit of y?
6
Suppose 161032 = 3*y - 20*h + 25*h, -11*h = -22. What is the units digit of y?
4
Let r be -2 + (1 - (-2 - 1)). Let i = 171 + -168. Suppose -i*t = r*t - 40. What is the units digit of t?
8
Let k(f) = 3*f**3 + 12*f**2 + 11*f + 3. Let o be k(-4). Let b = o + 50. Suppose 4*i + 3*p - 264 = 0, -3*i + 198 = b*p - 12*p. What is the units digit of i?
6
Suppose -r = p - 50582, -3*p + 201661 - 50031 = -26*r. What is the units digit of p?
8
Let m(l) = -5*l - 15. Let d(w) = -10*w - 30. Let z(r) = 2*d(r) - 5*m(r). Let i be z(-8). What is the units digit of (-260)/i*(-1 + -2 + 8)?
2
Suppose -3*d = -10*d - d + 81344. What is the hundreds digit of d?
1
Suppose -3*u = -v - 552 + 12708, 2*v = u + 24317. What is the ten thousands digit of v?
1
What is the hundreds digit of (-376)/(-12)*(209 - 38)?
3
Let s(f) = -7*f + 20. Let o be s(0). Let q be -18*(-1)/2 - o/5. Suppose i - 1110 = -q*v + v, 3*v = 4*i + 823. What is the hundreds digit of v?
2
Suppose 5*x = -32 - 53. Let d = x + -15. What is the tens digit of 2/(d/100)*-8?
5
Suppose 8*h = 281 - 3177. Suppose 10*b = 3204 + 2006. Let o = h + b. What is the hundreds digit of o?
1
Let n(j) be the second derivative of j**5/20 + j**4/2 + 7*j**3/6 - j**2/2 + 66*j. What is the hundreds digit of n(6)?
4
Suppose 212375 - 31472 = 72*w - 378033. What is the hundreds digit of w?
7
Let u(c) = -1987*c - 1254. What is the units digit of u(-9)?
9
Suppose -36*n - 64708 + 277468 = 0. What is the units digit of n?
0
Suppose 0 = -5*u + 16878 + 5877. What is the hundreds digit of u?
5
Let p = 13266 + -8101. What is the thousands digit of p?
5
Let k = -9 + -332. What is the hundreds digit of (-93)/k + (-5054)/(-22)?
2
What is the units digit of 865244/24 + ((-385)/66 - -6)?
2
Let d(h) = -13*h**3 - 14*h**2 - 17*h + 20. What is the hundreds digit of d(-7)?
9
Suppose -465*c + 464*c = -2035. Suppose -49*o + 38*o = -c. What is the hundreds digit of o?
1
Suppose 0 = -3*t + 18*b - 17*b + 29813, 3*b - 39755 = -4*t. What is the tens digit of t?
3
Let q = -424 + 954. Suppose 3*f + 2086 = 4*s, -s - q = -2*s + 5*f. What is the hundreds digit of s?
5
Let s = -408 + 408. Suppose 0 = 2*r + 4*m - 1904, s = -4*r + 5*r + m - 956. What is the units digit of r?
0
Suppose -644046 = -21*q + 3*j, 23*j - 2 = 21*j. What is the hundreds digit of q?
6
Suppose -59403 = -2*s + 5*p, 5*s - p = p + 148560. What is the hundreds digit of s?
7
Let y(b) = -b**3 - 9*b**2 + 69*b + 224. What is the units digit of y(-32)?
8
Suppose -940 = -2*r + 2*a, 7*r - 4*a = 4*r + 1415. Suppose 2168 = r*h - 463*h. What is the tens digit of h?
8
Let f = 0 - -5. Suppose -2*v - 2 = 4*s, 4*s + 2 - 21 = f*v. What is the units digit of v/(-4) - (-229)/4?
8
Suppose 105*q - 460203 = 233007. What is the hundreds digit of q?
6
Let i(b) = -73*b**3 - 1. Let o be i(-2). Let f = o - 110. What is the tens digit of f?
7
Let t = 4131 - 2574. Suppose -5*f + 4435 = 5*c, -3*f + 1112 + t = -c. Suppose 8*d = 583 + f. What is the units digit of d?
4
Suppose 46*s - 12123 = 39489. What is the units digit of (s - 1) + (-9 - -2 - -10)?
4
Suppose -13*s + 19585 = -24693. Suppose 3830 = 12*m - s. What is the tens digit of m?
0
Let c = -191 - -196. Suppose -c*t + 4*h + 655 = 0, 150 = -3*t + 4*t + 3*h. What is the hundreds digit of t?
1
Suppose -23*h + 27*h - 27994 = 3*u, u = 4*h - 27998. What is the thousands digit of h?
7
Let u = -72 + 189. Suppose 5*b - p - 126 = u, 202 = 4*b + 3*p. Let z = b - 30. What is the tens digit of z?
1
Let k(f) = 936*f - 3382. What is the tens digit of k(23)?
4
Let b = 196 + -193. Suppose -4*f + 2*q = -3812, b*f - 2859 = -2*q + q. What is the tens digit of f?
5
Suppose 33*g + 140658 = 40*g. What is the hundreds digit of g?
0
Let m = 10530 + -5947. What is the thousands digit of m?
4
Let f(o) = 60*o**3 - 14*o**2 + 30*o - 103. What is the hundreds digit of f(5)?
1
Suppose -623 = 5*x - 4*j, -4*x + 0*j - j - 511 = 0. Let q = x - -311. What is the hundreds digit of q?
1
Let o(u) = -18*u**2 - 5*u. Let a be o(-5). Let i = a - -759. What is the hundreds digit of i?
3
Let m = 7 - -2. Suppose -m*p = -13*p + 148. Suppose -192 = 34*r - p*r. What is the tens digit of r?
6
What is the ten thousands digit of (-307409)/(-4) + 7100/(-5680)?
7
Suppose -2*k = -3*v + 13734 + 8578, -3*v = k - 22297. What is the units digit of v?
4
Let x be (1 + -2)*(6/(-2) + 0). Let g(l) = 21*l - 4. Let s be g(x). Suppose r - s + 25 = 0. What is the units digit of r?
4
Let c = 830 + -1338. What is the units digit of c*2/(-8)*(5 + -4)?
7
Suppose 3*s + 0*j + 3 = -3*j, -5*j = 4*s + 9. Suppose o - 3*t + 28 = 0, s*o + 5*t = -148 + 36. What is the units digit of (o/6)/((-22)/33)?
7
Let h(q) = q**2 - 2*q + 16. Let j(y) be the third derivative of -y**5/60 + y**4/2 + 7*y**3/3 + 2*y**2 + 8*y. Let v be j(14). What is the hundreds digit of h(v)?
2
Let t = -550 - -7396. What is the tens digit of t?
4
Suppose 9052 + 12764 = 18*j. What is the tens digit of j?
1
Let h be ((-1)/2)/((-2)/8). Suppose 5*g = -9*z + 898, -26*z - 2*g - 110 = -27*z. Suppose 171 = 3*a + 3*s, 0*a - 2*a + z = -h*s. What is the units digit of a?
4
Let b(o) = -25*o**2 - 556*o - 9. What is the tens digit of b(-17)?
1
Let a = -11122 + 16363. What is the units digit of a/12 + 9/(-12) + -1?
5
Suppose -d - 2 = 2, 0 = -j + d. What is the hundreds digit of 626/j*-4*30/60?
3
Suppose o = -4*h + 34651, -5*h + 25977 = -2*h + 3*o. Suppose 0 = -50*s + 38*s + h. What is the units digit of s?
2
Suppose 5*p + 14*i = 10*i + 67306, 67313 = 5*p - 3*i. What is the tens digit of p?
6
Let c(p) = -p + 1. Let x(r) = -20*r + 33. Let l(b) = 2*c(b) - x(b). What is the tens digit of l(11)?
6
Let y be 55/5*1 - 4. Let b = y - 3. What is the tens digit of 12/b*(27 + 4)?
9
Let c be (-3)/9*(-2653 + -5). Let a = c - 196. What is the hundreds digit of a?
6
Let n = 40668 + -26493. What is the units digit of n?
5
Let f(o) = 4*o**2 - 20*o + 60. Suppose -4 + 9 = 5*v, -2*v - 10 = -m. What is the tens 